tors of 11887.
11887
List the prime factors of 485.
5, 97
List the prime factors of 918.
2, 3, 17
List the prime factors of 5557.
5557
List the prime factors of 2110.
2, 5, 211
List the prime factors of 2651.
11, 241
List the prime factors of 14695.
5, 2939
What are the prime factors of 2775?
3, 5, 37
List the prime factors of 3318.
2, 3, 7, 79
What are the prime factors of 10738?
2, 7, 13, 59
List the prime factors of 2841.
3, 947
List the prime factors of 125107.
125107
What are the prime factors of 2004?
2, 3, 167
List the prime factors of 1214.
2, 607
List the prime factors of 49959.
3, 7, 13, 61
List the prime factors of 3976.
2, 7, 71
List the prime factors of 2193.
3, 17, 43
List the prime factors of 17342.
2, 13, 23, 29
List the prime factors of 31060.
2, 5, 1553
List the prime factors of 478.
2, 239
What are the prime factors of 1709?
1709
What are the prime factors of 2236?
2, 13, 43
What are the prime factors of 1335?
3, 5, 89
List the prime factors of 3876.
2, 3, 17, 19
What are the prime factors of 219?
3, 73
List the prime factors of 11751.
3, 3917
List the prime factors of 3697.
3697
What are the prime factors of 8716?
2, 2179
What are the prime factors of 154610?
2, 5, 15461
What are the prime factors of 33037?
33037
What are the prime factors of 50473?
17, 2969
What are the prime factors of 498?
2, 3, 83
List the prime factors of 3615.
3, 5, 241
What are the prime factors of 2527?
7, 19
List the prime factors of 8620.
2, 5, 431
List the prime factors of 8745.
3, 5, 11, 53
List the prime factors of 1655.
5, 331
List the prime factors of 23320.
2, 5, 11, 53
List the prime factors of 15738.
2, 3, 43, 61
What are the prime factors of 839?
839
What are the prime factors of 3945?
3, 5, 263
List the prime factors of 10402.
2, 7, 743
What are the prime factors of 17762?
2, 83, 107
What are the prime factors of 1154?
2, 577
List the prime factors of 9643.
9643
What are the prime factors of 276?
2, 3, 23
What are the prime factors of 28890?
2, 3, 5, 107
List the prime factors of 12891.
3, 4297
What are the prime factors of 4845?
3, 5, 17, 19
List the prime factors of 2936.
2, 367
List the prime factors of 21443.
41, 523
What are the prime factors of 32296?
2, 11, 367
List the prime factors of 41988.
2, 3, 3499
List the prime factors of 95631.
3, 127, 251
What are the prime factors of 2369?
23, 103
List the prime factors of 1733.
1733
List the prime factors of 7360.
2, 5, 23
What are the prime factors of 14133?
3, 7, 673
What are the prime factors of 936?
2, 3, 13
What are the prime factors of 316?
2, 79
List the prime factors of 21360.
2, 3, 5, 89
List the prime factors of 35747.
35747
List the prime factors of 587.
587
List the prime factors of 1286.
2, 643
What are the prime factors of 10107?
3, 1123
What are the prime factors of 73736?
2, 13, 709
List the prime factors of 1980.
2, 3, 5, 11
List the prime factors of 287.
7, 41
What are the prime factors of 16400?
2, 5, 41
List the prime factors of 42407.
42407
List the prime factors of 150131.
150131
What are the prime factors of 20933?
11, 173
What are the prime factors of 15623?
17, 919
What are the prime factors of 560?
2, 5, 7
What are the prime factors of 34339?
23, 1493
List the prime factors of 3124.
2, 11, 71
List the prime factors of 1152.
2, 3
List the prime factors of 23943.
3, 23, 347
What are the prime factors of 2029?
2029
List the prime factors of 35803.
35803
What are the prime factors of 30234?
2, 3, 5039
What are the prime factors of 173224?
2, 59, 367
List the prime factors of 3144.
2, 3, 131
List the prime factors of 30252.
2, 3, 2521
What are the prime factors of 7134?
2, 3, 29, 41
List the prime factors of 515.
5, 103
List the prime factors of 2610.
2, 3, 5, 29
What are the prime factors of 138987?
3, 15443
What are the prime factors of 7878?
2, 3, 13, 101
List the prime factors of 453.
3, 151
List the prime factors of 1997.
1997
What are the prime factors of 41778?
2, 3, 11, 211
What are the prime factors of 1758?
2, 3, 293
List the prime factors of 75416.
2, 11, 857
What are the prime factors of 37522?
2, 73, 257
List the prime factors of 30456.
2, 3, 47
What are the prime factors of 375?
3, 5
List the prime factors of 45175.
5, 13, 139
What are the prime factors of 838?
2, 419
List the prime factors of 14561.
14561
What are the prime factors of 66159?
3, 7351
What are the prime factors of 595?
5, 7, 17
List the prime factors of 48428.
2, 12107
What are the prime factors of 5274?
2, 3, 293
What are the prime factors of 1838?
2, 919
List the prime factors of 26611.
13, 23, 89
What are the prime factors of 64004?
2, 16001
What are the prime factors of 349?
349
What are the prime factors of 3421?
11, 311
List the prime factors of 1876.
2, 7, 67
List the prime factors of 4417.
7, 631
List the prime factors of 77.
7, 11
What are the prime factors of 3421?
11, 311
List the prime factors of 5191.
29, 179
What are the prime factors of 15041?
13, 89
List the prime factors of 1491.
3, 7, 71
List the prime factors of 3523.
13, 271
List the prime factors of 4273.
4273
What are the prime factors of 2469?
3, 823
List the prime factors of 1475.
5, 59
What are the prime factors of 81707?
81707
List the prime factors of 162375.
3, 5, 433
List the prime factors of 102331.
31, 3301
List the prime factors of 57694.
2, 7, 13, 317
What are the prime factors of 36336?
2, 3, 757
What are the prime factors of 1606?
2, 11, 73
List the prime factors of 166885.
5, 33377
List the prime factors of 7457.
7457
What are the prime factors of 1099?
7, 157
List the prime factors of 6452.
2, 1613
List the prime factors of 1077.
3, 359
What are the prime factors of 13692?
2, 3, 7, 163
What are the prime factors of 6313?
59, 107
List the prime factors of 3793.
3793
List the prime factors of 30867.
3, 10289
List the prime factors of 1715.
5, 7
What are the prime factors of 900?
2, 3, 5
What are the prime factors of 34746?
2, 3, 5791
List the prime factors of 3078.
2, 3, 19
What are the prime factors of 262?
2, 131
What are the prime factors of 5833?
19, 307
What are the prime factors of 27065?
5, 5413
What are the prime factors of 2303?
7, 47
List the prime factors of 816.
2, 3, 17
List the prime factors of 4455.
3, 5, 11
List the prime factors of 35.
5, 7
List the prime factors of 2525.
5, 101
List the prime factors of 4734.
2, 3, 263
What are the prime factors of 1591?
37, 43
What are the prime factors of 4175?
5, 167
What are the prime factors of 2031?
3, 677
What are the prime factors of 748?
2, 11, 17
What are the prime factors of 3931?
3931
What are the prime factors of 8419?
8419
List the prime factors of 2407.
29, 83
List the prime factors of 4491.
3, 499
What are the prime factors of 18250?
2, 5, 73
What are the prime factors of 4215?
3, 5, 281
List the prime factors of 6883.
6883
What are the prime factors of 1477?
7, 211
List the prime factors of 1587.
3, 23
List the prime factors of 1573.
11, 13
List the prime factors of 14424.
2, 3, 601
List the prime factors of 206.
2, 103
What are the prime factors of 42125?
5, 337
List the prime factors of 51044.
2, 7, 1823
What are the prime factors of 49945?
5, 7, 1427
What are the prime factors of 51567?
3, 17189
List the prime factors of 1267.
7, 181
What are the prime factors of 2046?
2, 3, 11, 31
List the prime factors of 1173.
3, 17, 23
What are the prime factors of 51840?
2, 3, 5
What are the prime factors of 1319?
1319
List the prime factors of 31345.
5, 6269
What are the prime factors of 791?
7, 113
List the prime factors of 99164.
2, 13, 1907
List the prime factors of 72694.
2, 19, 1913
What are the prime factors of 4191?
3, 11, 127
List the prime factors of 13574.
2, 11, 617
What are the prime factors of 2598?
2, 3, 433
List the prime factors of 115.
5, 23
List the prime factors of 858.
2, 3, 11, 13
What are the prime factors of 174356?
2, 7, 13, 479
What are the prime factors of 28768?
2, 29, 31
What are the prime factors of 4316?
2, 13, 83
What are the prime factors of 512?
2
What are the prime factors of 3121?
3121
List the prime factors of 185.
5, 37
List the prime factors of 87198.
2, 3, 14533
List the prime factors of 16197.
3, 5399
What are the prime factors of 1321?
1321
List the prime factors of 17893.
29, 617
List the prime 